{"id":27,"date":"2023-12-01T11:18:02","date_gmt":"2023-12-01T11:18:02","guid":{"rendered":"https:\/\/videos.danielconversano.com\/?post_type=product&#038;p=27"},"modified":"2023-12-11T17:13:07","modified_gmt":"2023-12-11T17:13:07","slug":"notes-de-lecture-manifeste-techno-optimiste","status":"publish","type":"product","link":"https:\/\/videos.danielconversano.com\/?product=notes-de-lecture-manifeste-techno-optimiste","title":{"rendered":"Notes de lecture Manifeste Techno-optimiste"},"content":{"rendered":"","protected":false},"excerpt":{"rendered":"<p>Dans cette vid\u00e9o, je produis une analyse du Manifeste Techno-optimiste, v\u00e9ritable bombe id\u00e9ologique \u00e9crite par Marc Andreessen, un ing\u00e9nieur informatique et un entrepreneur de haut niveau, qui travaille au monde num\u00e9rique de demain aux c\u00f4t\u00e9s des plus grands noms de la Silicon Valley.<\/p>\n<p>Ce manifeste, qu&rsquo;il n&rsquo;est pas interdit de remettre en question et de contester par endroits, est plus int\u00e9ressant que la majorit\u00e9 des essais politiques produits par la droite fran\u00e7aise depuis plusieurs d\u00e9cennies. Je vous le dis comme je le pense.<\/p>\n<p>Une vid\u00e9o et des notions importantes abord\u00e9es ici.<\/p>\n","protected":false},"featured_media":80,"template":"","meta":[],"product_brand":[],"product_cat":[15],"product_tag":[],"class_list":{"0":"post-27","1":"product","2":"type-product","3":"status-publish","4":"has-post-thumbnail","6":"product_cat-uncategorized","8":"first","9":"instock","10":"virtual","11":"sold-individually","12":"purchasable","13":"product-type-paywall"},"_links":{"self":[{"href":"https:\/\/videos.danielconversano.com\/index.php?rest_route=\/wp\/v2\/product\/27","targetHints":{"allow":["GET"]}}],"collection":[{"href":"https:\/\/videos.danielconversano.com\/index.php?rest_route=\/wp\/v2\/product"}],"about":[{"href":"https:\/\/videos.danielconversano.com\/index.php?rest_route=\/wp\/v2\/types\/product"}],"version-history":[{"count":2,"href":"https:\/\/videos.danielconversano.com\/index.php?rest_route=\/wp\/v2\/product\/27\/revisions"}],"predecessor-version":[{"id":111,"href":"https:\/\/videos.danielconversano.com\/index.php?rest_route=\/wp\/v2\/product\/27\/revisions\/111"}],"wp:featuredmedia":[{"embeddable":true,"href":"https:\/\/videos.danielconversano.com\/index.php?rest_route=\/wp\/v2\/media\/80"}],"wp:attachment":[{"href":"https:\/\/videos.danielconversano.com\/index.php?rest_route=%2Fwp%2Fv2%2Fmedia&parent=27"}],"wp:term":[{"taxonomy":"product_brand","embeddable":true,"href":"https:\/\/videos.danielconversano.com\/index.php?rest_route=%2Fwp%2Fv2%2Fproduct_brand&post=27"},{"taxonomy":"product_cat","embeddable":true,"href":"https:\/\/videos.danielconversano.com\/index.php?rest_route=%2Fwp%2Fv2%2Fproduct_cat&post=27"},{"taxonomy":"product_tag","embeddable":true,"href":"https:\/\/videos.danielconversano.com\/index.php?rest_route=%2Fwp%2Fv2%2Fproduct_tag&post=27"}],"curies":[{"name":"wp","href":"https:\/\/api.w.org\/{rel}","templated":true}]}}